
Is 30737293 a composite number?
False
Is 22469819 prime?
True
Is 4843933 prime?
True
Is 39347261 composite?
False
Is 364404655 a composite number?
True
Is 24605287 a prime number?
False
Is 8869283 a composite number?
True
Is 1420313 a composite number?
True
Is 5568781 a prime number?
True
Is 69677141 a composite number?
False
Is 19969979 prime?
True
Is 95470637 a prime number?
True
Is 1012613 a composite number?
True
Is 15676643 a composite number?
False
Is 236298077 a composite number?
False
Is 17149097 a prime number?
False
Is 47558341 a prime number?
True
Is 2477381 a composite number?
False
Is 12403757 composite?
True
Is 31592747 composite?
False
Is 52627 a composite number?
False
Is 145754023 a prime number?
False
Is 330329 a composite number?
False
Is 323077 prime?
True
Is 6423987 a prime number?
False
Is 205225253 a prime number?
True
Is 16803881 a composite number?
False
Is 111577 a prime number?
True
Is 82576579 composite?
False
Is 8630471 a prime number?
False
Is 3639719 a composite number?
False
Is 567029 a composite number?
True
Is 12950221 prime?
True
Is 172588943 composite?
False
Is 3831055 a composite number?
True
Is 15646615 a composite number?
True
Is 3441083 prime?
False
Is 310470973 a composite number?
False
Is 49597609 a prime number?
True
Is 2929259 a prime number?
True
Is 502839833 prime?
True
Is 134153423 a composite number?
True
Is 142697 composite?
False
Is 9138839 prime?
True
Is 11174387 prime?
False
Is 350467 prime?
False
Is 256211 a prime number?
True
Is 8976109 a prime number?
False
Is 21322703 composite?
False
Is 367495229 composite?
False
Is 23087777 prime?
False
Is 4629 composite?
True
Is 64987003 a prime number?
True
Is 11734249 composite?
False
Is 74590801 composite?
False
Is 1259837 composite?
True
Is 33864539 a prime number?
True
Is 5139751 prime?
True
Is 31723163 composite?
False
Is 40545409 composite?
False
Is 1725609 a prime number?
False
Is 12079829 composite?
False
Is 1097783 a prime number?
True
Is 3042959 a composite number?
False
Is 33758531 composite?
False
Is 261527831 a composite number?
True
Is 2540231 prime?
True
Is 250096971 prime?
False
Is 5354619 prime?
False
Is 26818549 prime?
False
Is 12964957 a composite number?
True
Is 393299239 a prime number?
True
Is 194479287 composite?
True
Is 829885339 a prime number?
True
Is 4800193 a composite number?
False
Is 486443 composite?
False
Is 28698283 composite?
True
Is 4648697 prime?
False
Is 29076371 composite?
False
Is 12594562 a composite number?
True
Is 12645011 composite?
False
Is 93490183 a prime number?
True
Is 2657607 prime?
False
Is 18284191 a composite number?
True
Is 66804181 prime?
False
Is 144107981 a prime number?
True
Is 7850989 a prime number?
False
Is 90866957 composite?
False
Is 516361051 prime?
False
Is 3903359 a prime number?
False
Is 52239703 a prime number?
True
Is 4421671 composite?
False
Is 9163093 prime?
False
Is 13321009 a prime number?
False
Is 73485493 a prime number?
False
Is 39923113 a composite number?
True
Is 290791 prime?
True
Is 50707 prime?
True
Is 4874953 a composite number?
True
Is 5846047 prime?
True
Is 14262249 a prime number?
False
Is 4077769 a prime number?
False
Is 13490573 prime?
True
Is 1638149 a composite number?
False
Is 21993941 composite?
True
Is 63785999 composite?
False
Is 182836673 prime?
False
Is 8804321 prime?
True
Is 136577171 composite?
True
Is 33714817 prime?
False
Is 2463757 a composite number?
False
Is 126702727 composite?
False
Is 100597565 a composite number?
True
Is 223582391 prime?
False
Is 810949 a prime number?
True
Is 308701 a composite number?
False
Is 190030079 a composite number?
True
Is 35801587 composite?
False
Is 5037295 prime?
False
Is 2981747 a composite number?
True
Is 59497 prime?
True
Is 1350959 a composite number?
False
Is 11026649 a prime number?
False
Is 117861311 a composite number?
True
Is 3467437 composite?
False
Is 1954669 a composite number?
True
Is 1191111 composite?
True
Is 1032143 composite?
True
Is 120645061 a prime number?
True
Is 31679701 a prime number?
False
Is 81302209 composite?
True
Is 21478921 a composite number?
True
Is 101879551 composite?
False
Is 10675399 a prime number?
False
Is 15320737 composite?
True
Is 107662837 a composite number?
True
Is 56798197 composite?
True
Is 2932563 a prime number?
False
Is 2730109 a prime number?
True
Is 668081449 a composite number?
True
Is 2109533 a prime number?
True
Is 34508003 a composite number?
False
Is 136490527 prime?
True
Is 2682637 composite?
True
Is 2126609 prime?
False
Is 917363731 composite?
False
Is 3053911 a prime number?
False
Is 217468007 a composite number?
True
Is 2153213 a composite number?
True
Is 1585817 composite?
True
Is 1290199 composite?
False
Is 11128811 a composite number?
False
Is 527147 prime?
False
Is 68839291 a composite number?
True
Is 360861517 prime?
False
Is 349133 a prime number?
True
Is 5875865 prime?
False
Is 5206223 composite?
True
Is 10639787 a composite number?
True
Is 1800319 composite?
True
Is 90298217 prime?
False
Is 4421161 a prime number?
False
Is 576089 composite?
False
Is 1240193 composite?
False
Is 2901799 composite?
True
Is 6471451 prime?
False
Is 8406773 composite?
False
Is 14121211 a prime number?
False
Is 2228657 prime?
True
Is 18538199 prime?
True
Is 43905461 a prime number?
True
Is 172810877 prime?
False
Is 10621363 a prime number?
False
Is 25546919 a composite number?
False
Is 5205653 a composite number?
False
Is 332395657 prime?
False
Is 521333 prime?
False
Is 2432357 a composite number?
False
Is 218750431 a prime number?
True
Is 105195193 composite?
True
Is 7856971 a prime number?
False
Is 4821419 prime?
False
Is 1211927 a prime number?
False
Is 2476619 a composite number?
True
Is 2894259 a prime number?
False
Is 12162317 prime?
True
Is 1598434 composite?
True
Is 42463033 a composite number?
True
Is 2918163 composite?
True
Is 1129594159 a prime number?
True
Is 397693 composite?
True
Is 103657237 a prime number?
True
Is 859717429 prime?
False
Is 51918001 composite?
False
Is 183159413 composite?
True
Is 80909371 composite?
False
Is 16635557 a prime number?
False
Is 122472893 composite?
True
Is 6106319 prime?
True
Is 22496501 a prime number?
False
Is 415208861 composite?
False
Is 86565907 composite?
True
Is 64881517 a composite number?
False
Is 12008527 composite?
True
Is 55342673 composite?
False
Is 3109789 a prime number?
True
Is 91015147 prime?
True
Is 8613797 composite?
False
Is 678749 a composite number?
False
Is 1795327 a prime number?
True
Is 558428491 a composite number?
False
Is 28790731 a composite number?
False
Is 9506209 composite?
True
Is 1088053 prime?
True
Is 105191 a prime number?
False
Is 108479837 prime?
True
Is 28417619 prime?
True
Is 35338229 composite?
False
Is 1072813 a composite number?
True
Is 8429101 prime?
False
Is 142840673 a composite number?
False
Is 9686437 a prime number?
False
Is 5530517 prime?
True
Is 62041621 a prime number?
True
Is 79514881 prime?
True
Is 54746005 composite?
True
Is 66293 composite?
False
Is 517729 prime?
True
Is 13983157 prime?
True
Is 4985209 prime?
True
Is 1970491 a composite number?
False
Is 14058951 prime?
False
Is 2629673 a prime number?
False
Is 3101339 composite?
False
Is 12042707 a composite number?
False
Is 8265737 a composite number?
False
Is 3985243 a prime number?
True
Is 102712019 composite?
False
Is 67029917 a prime number?
True
Is 50020547 a prime number?
False
Is 421891 a prime number?
True
Is 7654627 a prime number?
True
Is 7382423 prime?
False
Is 92277931 a composite number?
False
Is 27049313 prime?
True
Is 12440317 a composite number?
False
Is 83092853 a composite number?
False
Is 11295073 a prime number?
False
Is 31953959 a prime number?
True
Is 6782663 composite?
False
Is 2413667 composite?
True
Is 3785567 a prime number?
False
Is 3432503 composite?
False
Is 5500574 composite?
True
Is 456224033 a composite number?
True
Is 10812082 composite?
True
Is 132513943 prime?
False
Is 1036943 prime?
True
Is 298372299 composite?
True
Is 8597518 composite?
True
Is 4866074 a prime number?
False
Is 3457631 composite?
False
Is 4070629 prime?
False
Is 82760653 a prime number?
False
Is 2304041 a composite number?
True
Is 1939559 a prime number?
True
Is 63997 composite?
False
Is 12025511 a composite number?